019. What is the hundreds digit of g?
0
Let a(f) = -56*f**3 - 2*f**2 - f + 1. Let u be a(-1). Suppose 4*w = 236 - u. What is the tens digit of w?
4
Let q(m) = -m**2 + 5*m - 9. Let k be q(4). Suppose 3*t - 124 = -t. Let a = t + k. What is the units digit of a?
6
Let f be 156/9 - 4/(-6). Let i = f - 0. Suppose d + i = 64. What is the units digit of d?
6
Let n be 119/9 + 10/(-45). Suppose -g = -n + 2. What is the tens digit of g?
1
Let g = 54 - 109. What is the tens digit of 706/10 - 22/g?
7
Suppose -3*o + 105 = -8*o. Let q = 61 - o. What is the units digit of q/3 + 1/(-3)?
7
Let t(r) = 3*r**2 - 3*r - 4. Let v be t(3). Suppose -2*u + 6 = -v. Suppose -u = 3*o - 76. What is the units digit of o?
2
Suppose r + 3*h - 262 - 129 = 0, 4*r + 5*h = 1599. What is the hundreds digit of r?
4
Let r = 16 + 758. What is the hundreds digit of r?
7
Suppose m + 134 = 3*m. Suppose 6*c = 7*c + 3*f - m, 0 = -3*c + 3*f + 213. What is the units digit of c?
0
Let t(o) be the second derivative of -2*o**3/3 - o**2/2 + 6*o - 3. Suppose 3*h = 2 - 8. What is the units digit of t(h)?
7
Let w(q) = 5*q**3 + 4*q**2 + 3*q - 5. What is the units digit of w(4)?
1
Suppose 8*r - 4*r = -4*z + 1188, 4*r - 5*z = 1170. What is the tens digit of r?
9
Suppose 2*r + 3*r + 3*v = 12, 0 = 2*r + 3*v - 3. Suppose 4*z = -2*y + 518, 0*z - 147 = -z + r*y. Suppose 7*l - z = 3*l. What is the tens digit of l?
3
Let x be ((-3)/((-9)/(-6)))/1. Let c be x + (-3)/(-1) - -72. Suppose c = -4*z + 181. What is the units digit of z?
7
Suppose 0 = g + 3*g - 40. Suppose -8*y = -3*y - g. Suppose y*s - 34 - 28 = 0. What is the units digit of s?
1
Let l(x) = -x**3 + 7*x**2 - 4*x - 5. Suppose -2*y + 52 = -0*y - 4*m, 106 = 5*y + 2*m. Let k = y - 18. What is the tens digit of l(k)?
2
What is the tens digit of 3 + 618 - (-20 + 20)?
2
What is the hundreds digit of 58/116*(-1)/((-1)/766)?
3
Let y = 44 - 66. Suppose -q + 4*q + 124 = v, q + 4*v = -50. Let f = y - q. What is the units digit of f?
0
Let y = 5 + -9. Let j(i) = 8*i**2 + 5*i - 9. What is the tens digit of j(y)?
9
Let c = -45 + 271. What is the tens digit of 5 - (-4 - (5 + c))?
4
Let k = 76 + -12. What is the hundreds digit of 68*(-8)/(k/(-18))?
1
Suppose -4*a + 2*u = 446 - 2450, u - 2010 = -4*a. What is the units digit of a?
2
Let u = -20 + 12. Let k = -5 - u. Suppose k*d = -4*g + 71, -g = -d - 5*g + 13. What is the units digit of d?
9
Suppose -4 = 2*h + 2*h. Let q(f) = 10*f - 1. Let v be q(h). Let k = v + 22. What is the tens digit of k?
1
Let m = -1 + 4. Suppose 4*s + u - 48 - 8 = 0, 5*s = -m*u + 63. What is the tens digit of s?
1
Let k = 182 + -75. Let m = 1891 - 1713. Let j = m - k. What is the tens digit of j?
7
Let p be (((-3)/6 + -2)*-2)/1. Suppose -160 = -2*h - t, p*h + 5*t - 159 - 241 = 0. What is the units digit of h?
0
Let i be (5 - 4)/1*5. Suppose 478 = i*l - 487. What is the tens digit of l?
9
Let c(f) = f**3 + 9*f**2 - 10*f + 12. Let q be c(-9). Suppose 2*u + l = 2*l + q, 0 = -4*l - 16. Let m = u + -13. What is the tens digit of m?
3
Let k = 1051 - 59. What is the tens digit of k?
9
Let l be (0 - -1)*(-20)/(-4). Suppose -5*o + 0*o + 225 = -5*n, -o - l*n + 15 = 0. Suppose -2*i + 4*i - o = 0. What is the tens digit of i?
2
Let m = -74 + 148. Suppose 10*p - 847 = -867. What is the units digit of (m/p)/(-1) - 0?
7
Suppose 12 = 3*a - 3*m, 0*a + 4*a + m = 21. Suppose -5*d = -5*s - 4*d + 706, 446 = 3*s + a*d. What is the tens digit of 8/10 + s/10?
1
Suppose 138 = 10*o - 9*o. Let w = -80 + o. What is the tens digit of w?
5
Let h = 62 - 57. Let j = 53 + -35. Suppose -f - h*o = -j, 4*f + 4*o + 11 = 99. What is the units digit of f?
3
Suppose 0 = -n + 3*v - 11, 6*n - 5*n + 1 = v. Suppose n*u + 67 - 3 = 0. What is the tens digit of u/(-40) + 606/10?
6
Suppose -11 = v + 9. Let n = 49 + v. What is the tens digit of n?
2
Let h = 897 + -179. What is the hundreds digit of h?
7
Let v(b) = -b. Let t(l) = l - 6. Let x be t(5). Let n(s) = -2*s**2 + 5*s + 4. Let h(c) = x*n(c) - 5*v(c). What is the tens digit of h(4)?
2
Suppose 18*l - 17*l - 207 = 0. Suppose 279 = 5*t - 3*o - l, t = -3*o + 90. What is the tens digit of t?
9
Suppose 3*t = -3, 5*c - c + 3*t = 17. Suppose -z + 13 = r, z - 4*z + 61 = c*r. Suppose -8*h - 93 = -r*h. What is the tens digit of h?
3
Suppose -411 = -3*j - 3*m, 2*j + 5*m - 265 = -0*j. Suppose 62 = 3*w + 347. Let b = w + j. What is the tens digit of b?
4
Let n(p) = -p**2 - p + 6. Let t be n(-3). Let f(j) = -j**3 + 2*j**2 + 2*j + 47. What is the tens digit of f(t)?
4
Suppose 31 + 54 = 5*s. Suppose i - s = 2. What is the units digit of (2 + 0)*i/2?
9
Let c(w) = -w**3 - 15*w**2 - 27*w - 10. Let b be c(-13). Let v(q) = -q**3 + 3*q**2 + 2*q - 4. What is the units digit of v(b)?
2
Let g = 1101 + -484. What is the units digit of g?
7
Let j(h) = h**3 + 18*h**2 - 1. Let t be j(-18). What is the units digit of 303/12 + t*(-1)/(-4)?
5
Let w(d) = d**2 + 7*d + 12. Let m be w(-3). What is the units digit of (-21 - -337) + (m - (-6)/(-2))?
3
Let q(m) be the third derivative of -23*m**4/24 + 4*m**3/3 + 6*m**2. What is the tens digit of q(-2)?
5
Suppose -4*a - s = -57, s + 5 = 6*s. Let p = -17 + a. What is the tens digit of (p/3)/((-1)/24)?
2
Suppose 2*y - 68 = -4*x, -2*y - x - x + 72 = 0. Let q = y - 19. Let p(t) = -t**3 + 19*t**2 + t - 17. What is the units digit of p(q)?
2
Suppose 12 = 4*o - 3*t, 5*o - 8 = 3*t + 7. Suppose 5*q - 105 = 2*q - o*v, 3*q + 2*v = 107. What is the tens digit of q?
3
Suppose -4*i + 198 = -r - 103, -5*i + 3*r + 378 = 0. Suppose -50*u = -49*u - 47. Let m = i - u. What is the units digit of m?
8
Suppose 0*l - 2*f = -4*l + 10, -2*l - 3*f = -25. Suppose l*r - 1 = -6, 151 = 3*g - r. What is the units digit of g?
0
Let y(s) be the second derivative of s**3/3 + s**2/2 - 3*s. Let h be y(-1). What is the units digit of 5 - 0/((-2)/h)?
5
Let j = 1634 + 650. What is the thousands digit of j?
2
Suppose y = 6*y + 1400. What is the tens digit of 4/(-6) - y/6?
4
Suppose -2*v + 0*v = -10. Suppose 0*o - 4*o = 16, -104 = 4*z + v*o. Let h = z - -35. What is the tens digit of h?
1
Let s(v) = -v**2 + 11*v + 2. Let g be s(11). Suppose -5*x = 15, -2*a - x + g*x + 45 = 0. What is the tens digit of 465/35 - 6/a?
1
Suppose l - 3*o - 2*o = 7, l = o + 11. Suppose 2*h + 4 = -l. Let q(f) = -f**3 - 5*f**2 + 17*f + 6. What is the units digit of q(h)?
2
Let j = -32 - -29. Let r(y) = 10*y**2 - 1. What is the tens digit of r(j)?
8
Let z(k) = 3*k**2 - 5*k + 10. Let p be z(2). What is the tens digit of (-13 + p)/((-2)/(-744)*-2)?
8
Suppose -2*c = -4*c - 144. Let b(a) = -a**3 + 8*a**2 - 4*a + 4. Let f be b(8). Let x = f - c. What is the units digit of x?
4
Let d(b) = -26*b + 2. Let l be d(-2). Let j = 23 + -23. Suppose j = -k, 2*q - k + 0*k - l = 0. What is the tens digit of q?
2
Suppose -12*z + 2970 = -6*z. What is the tens digit of z?
9
Let i be (-45)/10 + 2/4. Let r be i/(-10) + 5824/(-35). Let h = -98 - r. What is the tens digit of h?
6
Suppose 2*f = 101 + 91. Suppose 4*o = 6*o + 5*h - 194, 0 = o + 2*h - f. What is the tens digit of o?
9
Let d be 39/52*(4 - 0). Let g be 49/d*(-2 - -5). Suppose 3*i = 149 + g. What is the units digit of i?
6
Suppose i + 192 = 70. Let z = -83 - i. What is the units digit of z?
9
Let f = 3348 - 1945. What is the hundreds digit of f?
4
Suppose 2*k = -2*f + f - 82, -5*f - 398 = -2*k. Let t = -28 - f. Suppose q + 5*u - t = -0*u, -5*q + 230 = -5*u. What is the units digit of q?
7
Suppose 3*k + 7 = -167. Let p(n) = n**3 + 4*n**2 + 3*n - 3. Let t be p(-3). What is the units digit of 2/(-4)*k + t?
6
Suppose 0 = 32*c - 19*c - 312. What is the units digit of c?
4
Let f(v) = -17*v**2 - 2*v + 2. Let n be f(-2). Let d = -36 - n. What is the units digit of d?
6
Let a(r) = -4*r**2 + 5*r**2 - r**2 - r**2 + 16*r - 17. What is the units digit of a(11)?
8
Suppose -y = 3*y - 1752. What is the tens digit of y?
3
Suppose v - 5*w - 7 = 6, -4*w - 2 = -5*v. What is the units digit of (v + 2)/(4/4) - -11?
1
Let v be ((-3)/1)/(9/(-6)). Suppose 4*t = -s - 9, 4*t = 4*s + v - 6. What is the units digit of (-4)/t - (1 + -3)?
4
Suppose -10*g + 15*g = 50. Let i = 56 - g. What is the units digit of i?
6
Let u(k) = 22*k - 3 - 1 - 1. What is the units digit of u(2)?
9
Suppose 5*u = 3*m + 444, -4*m - 12 = -0. Suppose -4*b - 8 = 3*v + u, -b - 30 = 2*v. Let i = 2 - b. What 